st common factor of 557681446 and 196?
98
Calculate the highest common factor of 166842 and 3302616.
4278
Calculate the greatest common factor of 32 and 129587664.
16
What is the highest common factor of 3291 and 111458491?
1097
What is the highest common divisor of 19825444 and 1385?
277
What is the highest common factor of 248 and 19529008?
248
What is the greatest common divisor of 135120 and 2088?
24
What is the greatest common divisor of 24610092 and 3484?
52
Calculate the highest common divisor of 2268418 and 2.
2
What is the highest common divisor of 40704 and 52656?
48
Calculate the greatest common factor of 6765 and 1624755.
165
Calculate the highest common factor of 47576 and 254448.
152
Calculate the greatest common factor of 67972467 and 1145.
229
What is the greatest common divisor of 3514887 and 232?
29
What is the highest common divisor of 231 and 122463110?
77
What is the highest common divisor of 341700 and 57466800?
5100
What is the greatest common divisor of 7091 and 2519928670?
7091
Calculate the greatest common divisor of 261 and 331267.
29
What is the highest common divisor of 35 and 22094415?
35
What is the highest common divisor of 505 and 9277355?
505
Calculate the highest common factor of 81 and 120976209.
9
Calculate the highest common factor of 2814 and 20610674.
938
Calculate the greatest common factor of 5311609 and 9287.
37
Calculate the highest common divisor of 461241 and 14718.
33
What is the highest common divisor of 512 and 139508800?
64
What is the highest common factor of 6210 and 347829?
69
What is the greatest common divisor of 330 and 81381630?
330
Calculate the highest common divisor of 7463 and 2551468.
439
Calculate the greatest common divisor of 1547 and 756823.
17
What is the greatest common factor of 8649 and 162409?
961
What is the greatest common factor of 178055408 and 4240?
848
Calculate the greatest common divisor of 12096 and 17193792.
1344
What is the highest common factor of 192 and 2510352?
48
What is the highest common factor of 15135 and 11615?
5
What is the greatest common divisor of 5139273 and 461013?
2271
What is the greatest common factor of 2694620 and 210?
10
What is the greatest common factor of 2072310105 and 5067?
1689
Calculate the highest common factor of 1272 and 29136856.
424
What is the greatest common factor of 38 and 16234265?
19
Calculate the highest common divisor of 413 and 8286845.
413
Calculate the highest common factor of 25128675 and 11385.
495
What is the highest common factor of 27939301 and 351?
13
Calculate the greatest common factor of 325 and 52029991.
13
What is the highest common divisor of 2359068 and 276?
12
Calculate the highest common factor of 1173 and 34896819.
69
What is the greatest common divisor of 74522946 and 6?
6
What is the highest common divisor of 32500 and 205400?
1300
Calculate the greatest common divisor of 974 and 8561947.
487
Calculate the greatest common divisor of 267844 and 38396.
116
Calculate the highest common factor of 5784 and 40173736.
1928
What is the greatest common divisor of 193520 and 106864?
16
Calculate the greatest common factor of 169855 and 10115.
35
Calculate the highest common divisor of 22558624 and 157168.
3344
Calculate the greatest common divisor of 15 and 2286885.
15
What is the highest common divisor of 1633831 and 174?
29
What is the greatest common divisor of 350 and 20561716?
14
Calculate the highest common factor of 68 and 22412443.
17
Calculate the highest common factor of 8965 and 6801175.
815
Calculate the greatest common divisor of 19 and 36662875.
19
What is the greatest common factor of 620234523 and 7078?
3539
Calculate the highest common factor of 45694 and 6486502.
682
What is the greatest common factor of 135476870 and 4710?
1570
Calculate the highest common divisor of 2333575 and 1304650.
6725
Calculate the greatest common factor of 380 and 163518620.
20
What is the highest common factor of 4051632 and 3042?
78
What is the greatest common factor of 31561120 and 1280?
160
Calculate the highest common factor of 2424 and 306497832.
2424
What is the highest common factor of 159319040 and 92510?
8410
What is the greatest common factor of 139392862 and 742?
742
What is the greatest common divisor of 14 and 5013156652?
14
Calculate the greatest common divisor of 315 and 2462121.
9
What is the greatest common divisor of 25722 and 498258?
18
Calculate the greatest common factor of 80975 and 16823366.
3239
What is the highest common divisor of 142619321 and 13?
13
What is the greatest common divisor of 73815 and 12771105?
555
What is the greatest common divisor of 100 and 14325475?
25
What is the greatest common factor of 9 and 36460389?
3
What is the greatest common factor of 1830 and 241377?
183
What is the greatest common factor of 3587 and 461176?
17
What is the greatest common divisor of 309626 and 14394688?
5842
What is the greatest common divisor of 5215936 and 1408?
704
Calculate the greatest common factor of 10031640 and 230.
10
What is the greatest common divisor of 1547 and 83981547?
221
Calculate the highest common factor of 342 and 1788606.
18
What is the greatest common factor of 140 and 99856540?
140
What is the highest common factor of 4071 and 2150040?
69
What is the highest common factor of 69575 and 53020?
55
What is the highest common divisor of 30 and 20983620?
30
What is the highest common divisor of 1031578 and 118158?
838
Calculate the highest common divisor of 600682124 and 1036.
1036
Calculate the greatest common factor of 1868 and 1262584002.
934
What is the greatest common divisor of 16400 and 5362472?
328
What is the greatest common divisor of 1160 and 548873720?
1160
Calculate the greatest common factor of 2298826 and 424.
2
Calculate the greatest common divisor of 6932 and 17200.
4
Calculate the highest common divisor of 195026117 and 72059.
3133
Calculate the greatest common factor of 2150 and 89913.
43
Calculate the greatest common factor of 104 and 814450052.
52
What is the greatest common factor of 8976 and 30171702?
1122
What is the highest common factor of 518991 and 121209?
33
Calculate the highest common factor of 188717 and 301033.
653
What is the highest common divisor of 41067 and 40898?
169
What is the greatest common factor of 6256596 and 34161?
177
Calculate the greatest common divisor of 46072460 and 420.
140
What is the highest common factor of 176411 and 568728?
2633
What is the highest common factor of 23463 and 1998513?
297
What is the highest common divisor of 48 and 7740308?
4
Calculate the highest common factor of 18617774 and 730.
146
What is the highest common factor of 100 and 367759900?
100
Calculate the greatest common factor of 34105416 and 72.
24
What is the highest common factor of 29446 and 394?
2
Calculate the greatest common divisor of 149727 and 3037565.
1721
Calculate the highest common divisor of 83350196 and 1258.
74
What is the highest common divisor of 9315 and 17712270?
405
Calculate the highest common divisor of 585 and 151635705.
195
What is the highest common divisor of 146087 and 7137443?
347
Calculate the greatest common divisor of 34412850 and 34574.
586
What is the highest common factor of 3432 and 4309734?
858
What is the greatest common divisor of 15675 and 1643500?
475
Calculate the greatest common factor of 3672 and 6496227.
459
Calculate the greatest common factor of 124 and 82454389.
31
What is the greatest common factor of 1730649 and 51?
3
What is the highest common divisor of 18 and 154523394?
18
What is the highest common divisor of 576238 and 29822?
962
What is the highest common factor of 13295872 and 750832?
2672
Calculate the greatest common divisor of 168820 and 56885.
1835
What is the highest common factor of 6403135 and 1136?
71
Calculate the greatest common divisor of 330 and 205935895.
55
What is the highest common divisor of 819399 and 42?
21
Calculate the highest common factor of 512 and 181549056.
512
What is the highest common divisor of 247178 and 51246?
146
What is the greatest common divisor of 19513 and 53789?
19
What is the highest common factor of 14 and 313682978?
14
Calculate the greatest common divisor of 856 and 104968.
8
Calculate the greatest common divisor of 6903 and 3523598.
767
Calcu